3
Suppose -5*y - l + 3*l + 27 = 0, 2*y + l - 18 = 0. Let m = y - 2. What are the prime factors of m?
5
What are the prime factors of 24/(-2)*(-96)/18?
2
Let b = -9 + 6. Let f(m) = m**2 - m - 1. List the prime factors of f(b).
11
Suppose 18*l - 16*l + 12 = 0. Let w(h) be the first derivative of h**4/4 + 5*h**3/3 - 4*h**2 - 2*h - 1. List the prime factors of w(l).
2, 5
Let o(z) = 1. Let j(k) = -2 + k - 8 + 4. Let r(s) = -j(s) + 5*o(s). List the prime factors of r(0).
11
Let v be (-30)/(-8) - (-1)/4. Suppose 17 - 5 = v*c. List the prime factors of c.
3
Suppose 0 = 4*b - 14 + 2. Suppose -p - 3 = m, -p = -2*m + b*p - 6. Let y = 5 - m. What are the prime factors of y?
2
Let f = 5 - 9. Let x(a) = 3*a + 3 + 3*a**2 - 2*a**2 - a. What are the prime factors of x(f)?
11
Let i(z) = z + 9. Let d be i(-9). Suppose q - 2*q + 17 = d. List the prime factors of q.
17
Let g = -10 + 64. List the prime factors of 12/g - 230/(-18).
13
Let b = 96 + -29. List the prime factors of b.
67
Suppose 0 = i - 4, 3*n - 4*i = -16. Let z be (-6)/4*(-12)/9. Suppose -10 = -z*a - n*a. What are the prime factors of a?
5
Suppose -c + 4 = -26. What are the prime factors of c?
2, 3, 5
Let j = -376 + 526. List the prime factors of j.
2, 3, 5
Let y(k) = 0*k - k**2 - 3*k + 3*k**2. Let u(v) = 3*v. Let l be u(1). What are the prime factors of y(l)?
3
Let m(j) = -j**3 + j**2 + j + 242. Let o be m(0). Suppose -5*t = -o + 97. What are the prime factors of t?
29
What are the prime factors of (-4)/(-18) - ((-2122)/9)/1?
2, 59
Let t = 291 + 101. List the prime factors of t.
2, 7
Let s(t) = t**3 + 2*t**2 - 4*t - 3. Let i be s(-3). Suppose -5*q + 2*y = -3*q - 62, -175 = -5*q + y. Suppose -3*k = -i*k - q. List the prime factors of k.
2, 3
Let x(f) = 14*f + 15. List the prime factors of x(5).
5, 17
Let v(g) = -g + 3. Let n be v(-8). Let k = n - 8. Suppose -2 = i - k*j - 3, 4*j = 8. List the prime factors of i.
7
Let w be 2 - -1 - (0 + 0). Suppose -w*d + 5*g + 68 = 3*g, -3*d + g + 67 = 0. What are the prime factors of d?
2, 11
Suppose 5*y = -0*y + 310. List the prime factors of y.
2, 31
Suppose -i + 3 = -16. Let s = i + -5. List the prime factors of s.
2, 7
Let g(o) = o + 1. Let s(w) = 2*w - 6. Let i(b) = g(b) - s(b). Let x be (-1 + 1)*1/(-1). List the prime factors of i(x).
7
Suppose 5*g - 27 = -3*t, 3*t + 3*g - 10 - 11 = 0. Suppose 0 = -4*v + 4*h + 4, -3*v - 15 + 3 = 2*h. Let b = v + t. List the prime factors of b.
2
Suppose 5*p - 79 - 6 = 5*n, -4*n - 68 = 5*p. Let x = n + 12. Let y = -3 - x. What are the prime factors of y?
2
Suppose 3*a - 400 - 281 = -3*h, -a + 683 = 3*h. What are the prime factors of h?
2, 3, 19
Suppose w - 236 = -5*d, 5*w - d = -5*d + 1264. What are the prime factors of w/12*(-3)/(-2)?
2
List the prime factors of 2 + 1 + (-5 - -5).
3
Suppose -5*a + 65 = -125. Let q = a + 0. List the prime factors of q.
2, 19
Let f(d) = d**2 + 7*d - 4. Let k be f(-7). Suppose -y = -0*y - 7. Let o = k + y. What are the prime factors of o?
3
Suppose -b = -1 - 0, -4*j = 3*b + 9. What are the prime factors of -6*j/(-6) - -6?
3
Let o be (0/1 - 2) + 0. Let b be 1*(-3 + 2)*o. What are the prime factors of 5 - (b + (-6)/2)?
2, 3
Let k be 0/(-1 + -2) - -2. Let v be 24/k*2/(-4). Let m = 13 + v. List the prime factors of m.
7
Let q = 299 - 105. What are the prime factors of q?
2, 97
Suppose 0 = i + 14*i - 1950. What are the prime factors of i?
2, 5, 13
Suppose -115 = -4*y + 613. List the prime factors of y.
2, 7, 13
Let g(v) = -v**2 + 11*v - 8. Let t be g(9). Suppose 0 = -h - h + t. What are the prime factors of h?
5
Suppose -l + w = 3*l - 14, 0 = 2*l + 4*w + 2. What are the prime factors of 9 + (-4)/(-2) + l?
2, 7
Suppose 0*b + b + 4 = 0. Let d(y) = -y + 1. Let l be d(b). Suppose l*n - 45 = -0. List the prime factors of n.
3
Suppose 2*q - 67 = -23. List the prime factors of q.
2, 11
Suppose -g + 62 = -4*p + 5*p, 0 = -4*p - 8. What are the prime factors of g?
2
Suppose -5*f + 673 = -w, -544 = -4*f + w - 3*w. List the prime factors of f.
3, 5
Suppose 6*x + 197 = 473. List the prime factors of x.
2, 23
Let m = -1 - -4. Suppose 3*s - 8 = -2*f - 0, s + 9 = -m*f. What are the prime factors of s?
2, 3
Let y(i) = 6*i**2 + 2*i. Let m be y(3). Let s(h) = -h - 1. Let c be s(5). What are the prime factors of ((-2)/c)/(5/m)?
2
List the prime factors of ((-72)/(-20))/(-2 + (-83)/(-40)).
2, 3
Let b(i) = 19*i + 1. Let k be b(1). Let u be 1 + (6/3 - 3). Suppose u = -4*z, 0 = 4*c + 2*z - 0*z - k. List the prime factors of c.
5
Let p(s) be the second derivative of -s**4/12 + 2*s**3/3 - 2*s. Let n be p(3). Suppose n*v + 18 = 4*l, -l + 1 = -2*v - 6. List the prime factors of l.
3
Suppose 0 = 4*o + 13 + 11. What are the prime factors of (0 - o)*22/11?
2, 3
Let h(t) = 2*t**2 + 7*t - t**2 - t. Let z be h(-7). Suppose p = 2*k - 0*k - 11, 2*p = k - z. List the prime factors of k.
5
Let v(o) = -7*o - 3. Let g be v(-3). Suppose 5*f - 2 - g = 0. List the prime factors of f.
2
Suppose 5*u + 103 = 2*r, -2*r - 2*u + 164 = r. List the prime factors of r.
2, 3
Let r be (0 + 9)*12/9. Let i(l) = l**2 - 3*l - 7. Let u be i(5). Suppose n = -u + r. List the prime factors of n.
3
Suppose -3*r + 7 = -2*u, 21 = r - u + 5*u. Let g = r - 3. Suppose g*f - 6*f + 28 = 0. List the prime factors of f.
7
What are the prime factors of (-10)/(-70) - (1 - (-496)/(-7))?
2, 5, 7
Let v(n) = -n**3 - n**2 - n - 2. Let b be v(-2). Let p = b + 32. What are the prime factors of p?
2, 3
Suppose -25 = -5*n, 2*p - 4*n + 32 = 5*p. Let x = p + 0. Suppose -x*i + 36 = -i. List the prime factors of i.
2, 3
Let t(q) = q**3 - 3*q**2 - 3*q + 4. Let o be t(5). Let j = o + -13. Suppose -3*d + j = i - 6*d, -3*d - 40 = -2*i. What are the prime factors of i?
2, 7
List the prime factors of ((-34)/(-4))/(1/2).
17
Let d(t) = t**2 + 6*t - 8. What are the prime factors of d(-9)?
19
Let f = -2 - -5. Suppose 0*y = -3*y - 15, -f*z + 13 = 4*y. What are the prime factors of z?
11
Let u = 90 - -30. List the prime factors of u.
2, 3, 5
Let z = 5 - 8. Let m = z + 23. List the prime factors of m.
2, 5
Suppose 4*w - 4 = 0, 5*k + 0*w - w = 19. Suppose 68 = 4*l + k*q, -33 = -3*l + 5*q + 58. What are the prime factors of l?
2, 11
Let i(d) = 2*d**2 - 6*d - 14. Let r be i(7). Suppose -5*c + 8 = -5*l - r, 4*c + 5*l = 76. List the prime factors of c.
2, 7
Let d = 16 - -57. List the prime factors of d.
73
Suppose -3*p - 147 = -4*h, 2*h - p + 41 = 116. List the prime factors of h.
3, 13
Let r(s) = 3*s - s**2 + 9*s**2 + 6 - 10*s - s**3. Let o be r(4). Suppose k - c - 10 = 0, 0 = -4*k - 2*c + 7*c + o. List the prime factors of k.
2
Suppose 8*t + 21 = -3*a + 3*t, -5*t = -4*a + 7. Let k(o) = 10*o**2 + 2. List the prime factors of k(a).
2, 3, 7
Let b be 39 + (-2 - -3 - 0). Suppose -4*t + 0*t - b = 0. Let d = 4 - t. What are the prime factors of d?
2, 7
Let h(q) = q**3 - 10*q**2 - q + 13. Let u be h(10). Suppose 4*t + 27 = -u*p, 3*t = 2*t + 2*p + 7. What are the prime factors of ((-8)/(-6))/((-2)/t)?
2
List the prime factors of 0 + (0 + 30)*1.
2, 3, 5
Let r(y) = 6*y - 1. Let q be r(2). Suppose 0 = -6*i + 11 + 1. Suppose -4*k - q = -5*b, 0 = -i*b - k - 0 + 7. What are the prime factors of b?
3
What are the prime factors of 116*(5/4 + -1)?
29
Suppose 4*u + 24 = 4*i, 3*i - 10 = -0*i + u. Let t be 19 - 2*(-1)/2. Suppose -i = -c + t. What are the prime factors of c?
2, 11
Suppose -2*n = -n - 3. Suppose c + n*g = 13, -5*c + 66 = -c + 5*g. What are the prime factors of c?
19
Suppose 5*u = 2*p + 38, -5*p = -3*u + 4*u + 41. Let o(z) = -5*z + 18. Let q(i) = 4*i - 17. Let b(m) = 6*o(m) + 7*q(m). What are the prime factors of b(p)?
7
Suppose -1 + 6 = 5*o. What are the prime factors of o*(-2 + 3)*14?
2, 7
Let f(j) be the first derivative of j**4 - 5*j**3/3 + 3*j**2/2 + 3*j + 1. Let u be f(3). Suppose u = 3*d + 2*d. List the prime factors of d.
3, 5
Let r = -13 - -6. List the prime factors of (-8 - r)*-7*2.
2, 7
Let p = 32 - 24. Let d(h) = -h + 24. List the prime factors of d(p).
2
Let y(s) = 2*s + 6. What are the prime factors of y(7)?
2, 5
Let n = 11 + -10. Let b be 4/((1/6)/n). Suppose -4*j + j = -b. List the prime factors of j.
2
Let k(q) = 2*q**2 - 8*q + 4. Let t(z) = 2*z**2 - 3*z + 3. Let f be (-2)/((0 - -1)*-1). Let y be t(f). List the prime factors of k(y).
2, 7
Suppose -4*x = -6 - 2. Suppose n + x = -5. List th